 = -16900 - -18975. Calculate the greatest common factor of 475 and a.
25
Let m = -1 - -2. Let t be m/(10/(-16))*65/(-26). Calculate the highest common divisor of t and 12.
4
Suppose -5*q + 179 = t, -q - 3*t - 55 = -116. Suppose 2*r + c = r + 39, 5*r - c - 183 = 0. Let a = -20 + r. What is the highest common factor of a and q?
17
Suppose 7*x - 61 = 436. Let b = -58 + x. Calculate the greatest common divisor of b and 52.
13
Let l be (-476)/(-7)*(8 - 1561/(-14)). Calculate the greatest common factor of l and 717.
239
Suppose 0 = 41*v - 78 - 291. Suppose -v*m + 69 + 120 = 0. What is the highest common factor of m and 27?
3
Suppose 481*r = 483*r + 146. Let g be (-163)/((0 - 1)*1). Let n = r + g. What is the highest common factor of n and 18?
18
Let s(b) = 13 + 26 + b - 24 + 23. Let t be s(-13). What is the greatest common factor of 100 and t?
25
Suppose -6 - 6 = -2*x. Let r(t) be the first derivative of 2*t**3 - 5*t**2 + 26*t - 17. Let s be r(x). What is the greatest common divisor of s and 14?
14
Suppose -4*x + 4572 = 4*c, c = -5*x + 4059 + 1672. Calculate the greatest common divisor of x and 62.
31
Let s(r) = -2. Let m(f) = 14*f - 10. Let n(l) = -3*m(l) + 21*s(l). Let d be n(-4). What is the highest common divisor of 24 and d?
12
Let s = -355 - -404. Suppose s = -8*x + 15*x. Calculate the greatest common divisor of x and 70.
7
Suppose -60*v - 54880 = -284*v. Calculate the highest common factor of v and 126.
7
Let c be 8/12 - (9788/(-6) - 0). Suppose -11*q + c = -3*q. Let z = q + -132. What is the greatest common factor of z and 8?
8
Let w(k) = -13*k + 120. Let p be w(8). Let q(b) = -b**2 + 16*b + 8. Let o be q(14). What is the highest common divisor of p and o?
4
Suppose -c + 171 = -0*c. Let k be (c/38)/(3/32). Suppose -2*o + 2*s = o - 36, 0 = -4*o + 3*s + k. Calculate the highest common factor of 36 and o.
12
Let p be (-68)/(-20) + -3 + (-36)/(-10). Suppose -p*w = 9*y - 4*y - 272, 4*y = -3*w + 218. What is the highest common divisor of 448 and y?
56
Let l be 173 - (-3)/(3/2). Suppose 1031*h - 1027*h - 94 = -2*v, -56 = -2*h + 2*v. Calculate the highest common divisor of l and h.
25
Suppose 0 = 3*d - 4*l - 1708, -4*d = -3*l - 1245 - 1037. Let t = d + -516. Calculate the greatest common factor of 532 and t.
28
Let k = -68 - -123. Suppose -2*h + 194 = -5*w, -h + 152 = w + 62. Let q be h/230 + -2*46/(-20). What is the highest common factor of q and k?
5
Let u(o) = 331*o - 617. Let i be u(2). What is the highest common divisor of 240 and i?
15
Let y = -8893 - -8903. What is the highest common factor of 3215 and y?
5
Let f = -27162 - -39618. Calculate the greatest common divisor of 72 and f.
72
Let l(y) = -5*y - 90. Let s(h) = -11*h - 1. Let b be s(2). Let o be l(b). Calculate the highest common factor of o and 20.
5
Let n be -5*(6*(-84)/45 - -5). Let m be (-84)/(-35)*(n - 1). What is the highest common factor of 36 and m?
36
Let k(p) = 84*p**2 - 69*p - 69. Let z be k(-1). Calculate the highest common divisor of 399 and z.
21
Let d(n) = -n**3 - 29*n**2 + 17*n + 20. Let x = 642 + -672. Let u be d(x). Calculate the highest common factor of 20 and u.
10
Let a = -424 + 459. Suppose 5*y = -2*y + a. Suppose -2*j + 5 + 51 = 3*w, -w = 5*j - 127. What is the highest common factor of j and y?
5
Suppose -155 = -5*k + 5*q, -7*k + 2*k - 2*q + 148 = 0. Suppose -260 = -4*u - 5*o, -312 = -5*u - 10*o + 7*o. Calculate the greatest common divisor of u and k.
30
Let c be -4 - (-2 - -3)*-3. Let s be 4*1 + (5 + c)*8. Suppose s + 30 = 2*n. What is the greatest common factor of 165 and n?
33
Let a(d) = -8*d**3 - 2*d**2 + 4*d - 9. Let b be a(-4). What is the highest common divisor of b and 245?
35
Let f be ((-48)/8)/((-3)/(-12)). Let l be (42/f)/((-2)/24). What is the greatest common factor of 357 and l?
21
Let a = 422 - 252. Suppose -5*s - 5*i = -a, 0*s + 2*i - 33 = -s. What is the highest common factor of 35 and s?
35
Suppose -5*q + 3*s = 21 + 4, 0 = 4*s + 20. Let w be ((-4)/(q/(-3)))/((-48)/160). Calculate the highest common factor of 1 and w.
1
Let s = 15646 + -12027. Calculate the highest common factor of s and 28.
7
Let o be 12/(-9) + 3171/63. Let i = o + -43. What is the highest common divisor of i and 129?
3
Let c = 163 - 46. Let a = 15712 - 15703. Calculate the highest common divisor of a and c.
9
Let f = -143 - -167. Suppose -f*n = 62 - 446. What is the highest common divisor of n and 40?
8
Suppose 1040 = 19*v - 14*v. Let c = v - 187. Suppose 7*u = 2*u + 15. Calculate the greatest common factor of u and c.
3
Suppose -4*j + 16 = -632. Let s(i) = 5*i**3 - 67*i**2 - 44*i + 46. Let w be s(14). What is the greatest common divisor of w and j?
18
Let k = 86 + -70. Suppose 0 = -2*t + 4*l + 182, l = 3*t - 2*t - 95. Suppose -t - 29 = -g. What is the greatest common divisor of g and k?
16
Suppose 0 = -x + 424 - 342. Let h = -43 + x. What is the highest common factor of h and 182?
13
Let m = -899 + 931. Let k(f) = 25*f**2 + 3*f + 4. Let c be k(4). Calculate the highest common divisor of m and c.
32
Let q(y) = -y**3 + 20*y**2 - 62*y - 11. Let r = -470 + 475. Let g be q(r). Let n = 1 + 17. What is the greatest common factor of n and g?
18
Suppose p = -3*p + 184. Suppose 0 = -0*i + i - p. Let k be (26 + 1848/(-64))*-40. Calculate the greatest common factor of i and k.
23
Let p be (7/3)/(1729/2223). Let f be (-7)/((-7)/20) - -1. Calculate the highest common divisor of p and f.
3
Let l(g) = 76*g - 446. Let r be l(16). What is the greatest common divisor of r and 350?
70
Let w(m) = 51*m**3 - 78 - 15*m**3 - 19*m**3 + 9*m + 14*m**2 - 3*m**2 - 18*m**3. Let z be w(10). What is the highest common divisor of 80 and z?
16
Suppose 2*m + 1 = q, 23 = 2*q + q - m. Let z(r) = -r**3 - 266*r**2 - 829*r - 10448. Let d be z(-263). What is the highest common factor of q and d?
9
Let x = -7853 + 10621. Calculate the greatest common divisor of x and 32.
16
Let l = -749 + 749. Suppose l = a - 76 + 1. What is the highest common factor of a and 25?
25
Suppose -q = 3*r - 14469, 0 = 2*r + 19*q - 21*q - 9646. Calculate the greatest common factor of r and 91.
91
Suppose -4*y + 942 - 621 = -z, -2*y + 156 = 4*z. What is the highest common factor of 340 and y?
20
Let z = -474 + 562. Let a = -193 - -237. Calculate the greatest common divisor of a and z.
44
Let n = 8909 + -8889. Calculate the highest common factor of n and 2000.
20
Let g = -16260 + 16492. Calculate the highest common factor of g and 4843.
29
Let y(u) = -40*u - 60. Let b be y(-2). What is the highest common divisor of b and 140?
20
Let b = -10237 + 10409. What is the greatest common divisor of b and 13932?
172
Let z = -47603 + 47614. Suppose 0 = -d - 2*d + 726. What is the greatest common divisor of z and d?
11
Let m be (2*4)/((-6)/(-102)). Let r be 4 + (-3 - (-12)/6). Let j be -28 + 25 + r/(6/40). What is the greatest common divisor of j and m?
17
Suppose -3*i - 373 = 10*g - 2002, 4*i - 302 = -2*g. What is the highest common factor of 3432 and g?
33
Let g(r) = -r**2 + 32*r + 248. Let u be g(36). Calculate the highest common factor of u and 5902.
26
Suppose 29*q - 150 = 1822. What is the greatest common divisor of q and 8?
4
Suppose 0 = -0*m - m + 2. Suppose m*k = b - 3 - 7, 3*b - 15 = k. Suppose 5*c + g - 17 - 2 = 0, b*c - 5*g = 21. What is the greatest common factor of 28 and c?
4
Let j(r) = -9*r - 28. Let x(d) = 21*d + 55. Let g(a) = 5*j(a) + 2*x(a). Let n be g(-17). Calculate the highest common factor of 210 and n.
21
Suppose 3*h + 2*h - 180 = 0. Let r be (-33)/(-44) + (-20)/(-16). Let l be (r/6)/(11/396). Calculate the highest common factor of l and h.
12
Suppose -51*j + 965 = -46*j + 3*v, -3*j + 3*v = -555. What is the highest common factor of j and 470?
10
Suppose -12*h + 16*h - 704 = 0. Let g = -796 - -807. Calculate the highest common divisor of g and h.
11
Let v = -40888 + 40946. Suppose -2*z = -3*z + 1334. What is the greatest common factor of z and v?
58
Let s(f) = 11*f**2 + 2*f - 1. Let l be s(1). Let j(z) = -2*z**3 - 16*z**2 + 69*z + 3. Let i be j(3). What is the greatest common factor of i and l?
12
Let c(i) = 8*i**2 + 8*i - 5. Let a be c(-7). Let p = a + -111. Let g = 677 + -666. What is the highest common factor of g and p?
11
Let k be (19/((-570)/216))/((-4)/15). Suppose k*x - 26*x - 26 = 0. What is the greatest common factor